 30. What is the units digit of (-1)/(-4)*(-6 + n)?
1
Let i = 882 + 255. What is the thousands digit of i?
1
Let n be 2*(-2)/(8/(-2206)). Suppose n = 4*c + 419. Suppose c = -p + 4*p. What is the units digit of p?
7
Suppose 13300 = 4*f - 7588. What is the hundreds digit of f?
2
Suppose 0 = 12*f - 8*f - 492. Let k = -77 + f. What is the units digit of k?
6
Suppose -25 - 7 = -2*z. Let w = z + 6. What is the tens digit of w?
2
Let n(s) = -200*s + 375. What is the tens digit of n(-5)?
7
Let a(k) = 207 + 202 + 13*k - 406. Suppose -5*m = 2*h - 20, -h = -5*m + 2 + 3. What is the units digit of a(h)?
8
Suppose -z - 109 + 194 = 0. What is the tens digit of z?
8
Suppose -3*b + 17 - 2 = 0. Suppose 3*g = n + 642, 2*n - 335 = -b*g + 746. Suppose -g = -4*x - f, -4*f + 9*f = -x + 68. What is the units digit of x?
3
Suppose -5*x - 4004 = -12*x. What is the hundreds digit of x?
5
Suppose 8676 = 85*a - 73*a. What is the hundreds digit of a?
7
Suppose -5*b = -4*p - 1552, -4*b + 4*p + 628 = -2*b. Suppose -2 = -5*l + b. What is the tens digit of l?
6
Let f(v) = -2*v**3 + 6*v**2 - 2*v + 5. Let t be f(4). Let s = t + 36. What is the units digit of s?
1
Suppose 4928 = 131*r - 123*r. What is the units digit of r?
6
Let i(z) = z**3 - 8*z**2 + 7*z + 6. Let m be i(7). Let f = m - 4. Suppose 2*t - 92 = -4*u, f*u + 5*t = -2*u + 98. What is the units digit of u?
2
Suppose -j + 2*j = 4. Suppose -3*x = -j*x. Suppose -w + x + 22 = 0. What is the units digit of w?
2
Suppose -3*m + 15 - 3 = 0. Suppose 2*b - m*z - 217 = -3*b, 0 = -4*b - 4*z + 188. What is the units digit of b?
5
Suppose 12483 = 20*y - y. What is the hundreds digit of y?
6
Let l = 474 - 195. Suppose -r = 8*r - l. What is the tens digit of r?
3
Suppose -2*d = -4*x + 1822, -913 = x - 3*x + 3*d. What is the tens digit of x?
5
Let v(r) = -r + 1. Let a(u) = u**2 + 14*u - 22. Let z(d) = a(d) + 3*v(d). What is the tens digit of z(-17)?
8
What is the hundreds digit of (4/8)/((-5)/(-4570))?
4
Let u be (12 - 13)/((-1)/2). Suppose -u*k + 7 = 3. Suppose -24 - k = -2*o. What is the units digit of o?
3
Let z(r) = 3 - r**3 + 5 - 2*r**2 + 4*r - 4. Suppose -5*q = -20, 6*i = 3*i + 4*q - 25. What is the units digit of z(i)?
1
Suppose -3*g = -100 + 622. Let c be 3/21 - g/7. What is the units digit of 1/(-3)*(-2 - c)?
9
Let s(t) = -t**3 + 16*t**2 - 6*t - 2. What is the tens digit of s(8)?
6
Suppose -5*a = -3*a - 6. Suppose a*o + 4 = 1. What is the tens digit of (6 - 5)/(o/(-17))?
1
Suppose 0 = -5*o + 2*r + 3352 - 602, 0 = 2*o - 3*r - 1111. What is the tens digit of o?
4
Let h(v) = v**2 + 15*v + 4188. What is the thousands digit of h(0)?
4
Let u(a) = 16*a**2 - 11*a + 22. What is the tens digit of u(-5)?
7
Let r(a) = 0*a + 0*a - 6 - 2*a + 3*a. Let v be r(8). Suppose -v*p + 4*p = 52. What is the units digit of p?
6
Let h(y) = y + 25. Let v be -6 + 8 + (-9 - 0). What is the tens digit of h(v)?
1
Let i(o) = 28*o**2 + 10*o + 2. What is the hundreds digit of i(4)?
4
Suppose 12 + 3 = 3*d. Suppose -d*m = -11 - 4, 0 = -4*r - 3*m + 73. Suppose -x + r = x. What is the units digit of x?
8
Suppose -1 = 3*y - 31. Let i = -10 + y. Suppose -4*v + 1 + 75 = i. What is the units digit of v?
9
Suppose 0 = -5*f + 3*u - 273, -4*u + 220 = -8*f + 4*f. What is the tens digit of 3 + ((-7839)/f - 2/12)?
4
Suppose -y = -2*a - 3*y + 48, -2*a = -y - 45. Let v = a - 1. Let n = v + -4. What is the units digit of n?
8
Suppose 5*b - 2*q = 75, 5*b + 3*q - 11 = 64. What is the tens digit of 1/(b/348)*30/4?
7
Let h(j) = -10 + 31*j**2 + 2*j + 7 - 10*j**2. What is the units digit of h(2)?
5
Let b be (-4 - 471)/((3 - 5) + 1). What is the tens digit of (1/(-5) - -1)/(38/b)?
1
Let q = 1966 + -365. What is the hundreds digit of q?
6
Let z(s) = -4*s**3 + 2*s + 1. Let q be z(-1). Let c be 0 + (1 - 1) - 6. Let a = q - c. What is the units digit of a?
9
Let b(r) = -117*r - 37. What is the tens digit of b(-8)?
9
Let z(k) = k**2 + 3*k + 1. Let o be z(-4). Suppose -2*m + s + 9 = 0, 2*m - 5*s + 0*s - o = 0. What is the units digit of (4/m)/((-10)/(-75))?
6
What is the units digit of (-91 - -93)*1926/4?
3
Let s be (-4)/18 + 1680/27. Suppose -3*u + 295 = -s. What is the units digit of u?
9
Let q(b) = -144*b + 353. What is the hundreds digit of q(-5)?
0
Let v(z) = -z**3 - 4*z**2 - 3*z - 8. Let f be v(-4). Suppose -f*k = 3*c - 303, -3*k = -0*c + c - 226. What is the tens digit of k?
7
Suppose -60 = 3*c - 12. Let g(p) = p**3 + 15*p**2 - 20*p - 12. What is the tens digit of g(c)?
5
Let g(u) = 3*u + 18. Let n be g(-5). Let z = 2 + 2. Suppose z*w - 30 = n*w. What is the units digit of w?
0
What is the hundreds digit of 1555*(2/4 - (-7)/70)?
9
Suppose -501 = 3*i - 4*x + 475, -4*x + 644 = -2*i. Let s = i + 591. What is the hundreds digit of s?
2
Let c(p) = 2*p**3 + 11*p**2 - 6*p. Let l be c(-6). Let v(z) be the second derivative of z**5/10 + z**3/6 + 21*z**2/2 - 2*z. What is the units digit of v(l)?
1
Suppose -9 = -4*b - o + 10, -3*b - 5*o = 7. Let c be -24*(0 - (-4)/b). Let n = 28 + c. What is the units digit of n?
2
Let q(x) = 3*x**2 + 16*x + 1. Suppose -36 = 4*h + 3*o, -h - 9 = -o + 2*o. What is the hundreds digit of q(h)?
1
Suppose -2*o - 31 = b - 84, -3*o + 69 = -2*b. Suppose -6*m + m + 65 = 0. Let a = m + o. What is the units digit of a?
8
Suppose -2*r + 5*y + 847 = 0, -768 = -2*r + 3*y + 81. What is the hundreds digit of r?
4
Let j(m) = 14*m + 3. Let u be j(3). Let q = u + 14. What is the units digit of q?
9
Let f(s) = -3*s**2 - 519 - 15*s + s**3 - 2*s**2 + 546. What is the units digit of f(8)?
9
Suppose 966 = 5*p - 0*p - m, -m - 772 = -4*p. Let b = p - 15. What is the tens digit of b?
7
Let g = 83 + -81. What is the units digit of 383/g + (28/8)/(-7)?
1
Let x be 6*-1*1/(-2). Suppose -2*d = -3*i - 8, 0 = -0*i - x*i - d + 4. Suppose i = -8*w + 4*w + 28. What is the units digit of w?
7
Let d = 18 - 6. What is the units digit of 3 + (-8)/d + 16/6?
5
Let a = -46 - -43. Suppose -2*s = r - 76, 2*s - 6 = 4*r + 70. Let h = s + a. What is the tens digit of h?
3
What is the units digit of -4 - -1 - ((-2 - -1) + -461)?
9
Let w = -466 + 821. What is the hundreds digit of w?
3
Let r be (0/(0 + -1))/1. Suppose r = 3*j - 0*j - 15, 3*j - 27 = -3*k. Suppose -2*m = 5*o - 63, k*o - 67 - 24 = -3*m. What is the units digit of m?
9
Suppose -4*j = -5*j + 12. Suppose 0 = -j*a + 5*a + 1260. What is the tens digit of a?
8
Suppose -209 = -h - 42. Let y = h - 110. What is the tens digit of y?
5
Let r = 8 - 6. Suppose -o = -3*c + o + r, -c = 5*o - 29. Suppose -v - 4*l - 126 = -4*v, 0 = c*l + 12. What is the units digit of v?
8
Suppose -4*v - 525 = -n, 2*n - 4*n + 1056 = -5*v. What is the hundreds digit of n?
5
Let v = -102 - -145. Let b(c) = -2*c**3 + 14*c**2 - 5*c + 4. Let d be b(7). Let j = v + d. What is the tens digit of j?
1
Suppose 4*d + 130 = 22. Suppose 0 = -10*r - r - 891. Let c = d - r. What is the tens digit of c?
5
Let s be (-1)/5 - (-44)/20. Suppose 328 = 3*i + 5*b, -s*i - b + 215 = -6. What is the units digit of i?
1
What is the units digit of 6868/140 + 20/(-350)?
9
Let m(d) = d**2 + 7*d + 8. Let o be m(-5). What is the hundreds digit of (93/(-6) + o)*(-11 - -5)?
1
Let n(f) = -f**3 + 23*f**2 + 4*f + 53. What is the units digit of n(22)?
5
Let n be (12/30)/((-1)/(-20)). Suppose 4*f - 3*f = n. Let l = 19 - f. What is the tens digit of l?
1
Let m(b) = -185*b + 31. What is the tens digit of m(-4)?
7
Let t be 2*(-2 - 20/(-8))*4. Let f be 1*(-149)/(-2)*2. Suppose 5*c - f = -t. What is the tens digit of c?
2
Suppose -62796 - 17172 = -16*v. What is the units digit of v?
8
What is the tens digit of 491 + (-18)/(-12)*-2?
8
Let x = 438 + -256. Suppose x = 2*n + 26. Let k = n + -46. What is the tens digit of k?
3
Let o(p) = p**3 - p**2 - 4*p + 4. Let b be o(3). Let c = 13 - b. Let j = c + 2. What is the units digit of j?
5
Suppose c + 6 = 2*u + u, 0 = -3*c - 5*u - 88. Let v = c - -21. Suppose -r + 21 + 24 = v. What is the tens digit of r?
4
Let j(x) = 2*x**2 - 3*x + 1. Suppose 2*f = -4*y + 28 - 2, -y = 5*f - 11. What is the tens digit of j(y)?
5
Let z(d) = 11*d**2 - 40*d - 129. What is the tens digit of z(23)?
7
Suppose 2*c = -5*v + 7164, 4*v + 10028 + 4300 = 4*c. What is the units digit of c?
2
Let l be (-90)/30 - (4*1 + 2). Suppose -27 = -3*s + 48. Let t = l + s. What is the tens digit of t?
1
Let w = 3887 +